{"id":8,"date":"2025-05-19T09:24:31","date_gmt":"2025-05-19T09:24:31","guid":{"rendered":"https:\/\/oye-israel.com\/?page_id=8"},"modified":"2026-01-01T09:16:03","modified_gmt":"2026-01-01T09:16:03","slug":"editorial","status":"publish","type":"page","link":"https:\/\/oye-israel.com\/","title":{"rendered":"Opinion"},"content":{"rendered":"\t\t<div data-elementor-type=\"wp-page\" data-elementor-id=\"8\" class=\"elementor elementor-8\">\n\t\t\t\t<div class=\"elementor-element elementor-element-d359d86 e-flex e-con-boxed e-con e-parent\" data-id=\"d359d86\" data-element_type=\"container\" data-e-type=\"container\">\n\t\t\t\t\t<div class=\"e-con-inner\">\n\t\t\t\t<div class=\"elementor-element elementor-element-605e02c elementor-widget elementor-widget-heading\" data-id=\"605e02c\" data-element_type=\"widget\" data-e-type=\"widget\" data-widget_type=\"heading.default\">\n\t\t\t\t<div class=\"elementor-widget-container\">\n\t\t\t\t\t<h2 class=\"elementor-heading-title elementor-size-default\">Opini\u00f3n<\/h2>\t\t\t\t<\/div>\n\t\t\t\t<\/div>\n\t\t\t\t\t<\/div>\n\t\t\t\t<\/div>\n\t\t<div class=\"elementor-element elementor-element-3207ed0 e-flex e-con-boxed e-con e-parent\" data-id=\"3207ed0\" data-element_type=\"container\" data-e-type=\"container\">\n\t\t\t\t\t<div class=\"e-con-inner\">\n\t\t\t\t<div class=\"elementor-element elementor-element-5107177 elementor-widget elementor-widget-heading\" data-id=\"5107177\" data-element_type=\"widget\" data-e-type=\"widget\" data-widget_type=\"heading.default\">\n\t\t\t\t<div class=\"elementor-widget-container\">\n\t\t\t\t\t<h2 class=\"elementor-heading-title elementor-size-default\">Los iran\u00eds necesitan mas que aplausos<\/h2>\t\t\t\t<\/div>\n\t\t\t\t<\/div>\n\t\t\t\t<div class=\"elementor-element elementor-element-4d02149 elementor-widget elementor-widget-text-editor\" data-id=\"4d02149\" data-element_type=\"widget\" data-e-type=\"widget\" data-widget_type=\"text-editor.default\">\n\t\t\t\t<div class=\"elementor-widget-container\">\n\t\t\t\t\t\t\t\t\t<p>By JPOST EDITORIAL<br \/>https:\/\/www.jpost.com\/opinion\/article-881949<br \/><br \/>Es un escenario que se ha repetido desde 1999: protestas masivas en Ir\u00e1n, predicciones de que esta vez podr\u00eda ser el fin del r\u00e9gimen de los ayatol\u00e1s, una represi\u00f3n violenta y, finalmente, la paulatina desaparici\u00f3n de las manifestaciones.<\/p><p>Ocurri\u00f3 en 1999\u20132000 con las protestas estudiantiles, nuevamente en 2009\u20132010 con el Movimiento Verde, en 2017\u20132018 con las protestas por la crisis econ\u00f3mica, en 2019 tras un aumento repentino del precio del combustible, en 2021 en medio de la escasez de agua y pan, y otra vez en 2022\u20132023 con las protestas de \u201cMujer, Vida, Libertad\u201d, desencadenadas por la muerte bajo custodia de Mahsa Amini.<\/p><p>Y ahora est\u00e1 ocurriendo de nuevo.<\/p><p>Decenas de miles de valientes iran\u00edes han salido a las calles desde el s\u00e1bado, inicialmente por el colapso del rial, pero r\u00e1pidamente coreando consignas que no dejan dudas sobre la profundidad de su ira: \u201cMuerte al dictador\u201d.<\/p><p>Tras los duros golpes que sufri\u00f3 Ir\u00e1n durante la guerra de 12 d\u00edas en junio, muchos en Israel y en Occidente creyeron que seguir\u00eda una agitaci\u00f3n interna: que un r\u00e9gimen que hab\u00eda dilapidado la riqueza nacional en un programa nuclear en gran parte destruido y en aliados regionales ampliamente derrotados finalmente enfrentar\u00eda un ajuste de cuentas desde dentro.<\/p><p>Naz Gharai, de Teher\u00e1n, cubierta de pintura roja mientras los manifestantes llaman a las Naciones Unidas a actuar contra el trato a las mujeres en Ir\u00e1n, tras la muerte de Mahsa Amini bajo custodia de la polic\u00eda de la moral, durante una manifestaci\u00f3n cerca de la sede de la ONU en la ciudad de Nueva York el 19 de noviembre (cr\u00e9dito: YUKI IWAMURA\/AFP v\u00eda Getty Images).<\/p><p>\u00bfPodr\u00eda ser este el momento que los iran\u00edes han estado esperando?<\/p><p>Eso no ocurri\u00f3. En cambio, el mundo fue testigo de manifestaciones dentro del pa\u00eds que se alinearon en torno al gobierno.<\/p><p>Pero ahora algo se ha despertado. \u00bfPodr\u00eda ser este el momento en que las masas iran\u00edes finalmente se liberen del yugo de sus l\u00edderes opresivos? \u00bfO se trata solo de otra protesta que acabar\u00e1 apag\u00e1ndose, sin dejar ning\u00fan cambio real a su paso?<\/p><p>Aunque es demasiado pronto para saberlo, la historia advierte contra celebraciones prematuras.<\/p><p>Mientras el mundo observa, surge una pregunta clave: \u00bfc\u00f3mo pueden Occidente e Israel apoyar a los manifestantes sin dar inadvertidamente al r\u00e9gimen munici\u00f3n para usar contra ellos, present\u00e1ndolos como instrumentos de potencias extranjeras?<\/p><p>Occidente se enfrenta a una paradoja: si brinda apoyo, el r\u00e9gimen lo utilizar\u00e1 para deslegitimar a los manifestantes. Pero si no lo hace, los manifestantes se sentir\u00e1n abandonados.<\/p><p>Este es un dilema que Israel enfrenta de forma especialmente aguda. Jerusal\u00e9n desear\u00eda ver un r\u00e9gimen diferente en Ir\u00e1n, uno que ya no exporte violencia y caos por la regi\u00f3n. Pero si las huellas israel\u00edes son visibles en las protestas, la propaganda del r\u00e9gimen encuentra el camino f\u00e1cil.<\/p><p>La declaraci\u00f3n del Mossad en persa dirigida a los manifestantes esta semana \u2014\u201cSalgamos juntos a las calles. Ha llegado el momento. Estamos con ustedes, no solo desde lejos y con palabras. Estamos con ustedes tambi\u00e9n sobre el terreno\u201d\u2014 pudo haber tenido la intenci\u00f3n de fortalecer la determinaci\u00f3n.<\/p><p>Pero le dio a Teher\u00e1n exactamente lo que quer\u00eda: un pretexto para culpar a Israel y presentar las protestas como una conspiraci\u00f3n extranjera. Fue un caso cl\u00e1sico de buenas intenciones que producen el efecto contrario.<\/p><p>Esto no significa que Israel y Occidente deban quedarse al margen y no hacer nada. Significa que deben actuar de otra manera.<\/p><p>Es poco probable que el cambio en Ir\u00e1n llegue en un \u00fanico momento dram\u00e1tico, como la ca\u00edda del Muro de Berl\u00edn. Es m\u00e1s probable que llegue a trav\u00e9s de una erosi\u00f3n acumulativa: presi\u00f3n econ\u00f3mica y el debilitamiento gradual de las herramientas de control del r\u00e9gimen.<\/p><p>Las sanciones econ\u00f3micas contra Ir\u00e1n est\u00e1n teniendo efecto, contribuyendo a la inflaci\u00f3n y al colapso de la moneda que encendieron las protestas actuales. Estas sanciones deber\u00edan endurecerse.<\/p><p>Pero las sanciones por s\u00ed solas no son suficientes.<\/p><p>El apoyo m\u00e1s eficaz que Occidente puede ofrecer ahora a los manifestantes es t\u00e9cnico, no ret\u00f3rico. Esto incluye proporcionar medios para garantizar el acceso a internet, VPN, comunicaciones cifradas y conectividad satelital, para contrarrestar directamente el control del r\u00e9gimen sobre la informaci\u00f3n.<\/p><p>Estados Unidos y sus aliados tambi\u00e9n deber\u00edan apuntar contra quienes suministran a Ir\u00e1n las herramientas de represi\u00f3n: proveedores de tecnolog\u00eda de vigilancia para el aparato de seguridad iran\u00ed, as\u00ed como empresas iran\u00edes de telecomunicaciones que implementan pr\u00e1cticas de censura.<\/p><p>Occidente tambi\u00e9n necesita intensificar el apoyo a las organizaciones de la di\u00e1spora iran\u00ed. Estos grupos pueden ofrecer ayuda material y moral a cierta distancia de los gobiernos, ayudando a los manifestantes sin mancharlos como agentes extranjeros.<\/p><p>Adem\u00e1s, fondos de huelga \u2014financiados con activos iran\u00edes incautados\u2014 podr\u00edan ayudar a los trabajadores que participan en huelgas y boicots, para que no se vean obligados a volver al silencio por la desesperaci\u00f3n econ\u00f3mica.<\/p><p>Este enfoque se utiliz\u00f3 eficazmente durante la Guerra Fr\u00eda para respaldar al movimiento Solidaridad en Polonia. Los manifestantes iran\u00edes ya han demostrado un enorme valor. Lo que necesitan ahora no es solo aplausos, sino un apoyo cuidadosamente pensado y sostenido en el tiempo.<\/p><p>La medida de la solidaridad no es cu\u00e1n en\u00e9rgicamente se declara, sino si deja a quienes arriesgan sus vidas m\u00e1s fuertes, y no m\u00e1s vulnerables.<\/p>\t\t\t\t\t\t\t\t<\/div>\n\t\t\t\t<\/div>\n\t\t\t\t\t<\/div>\n\t\t\t\t<\/div>\n\t\t\t\t<\/div>\n\t\t","protected":false},"excerpt":{"rendered":"<p>Esta es la p\u00e1gina editorial<\/p>\n","protected":false},"author":1,"featured_media":0,"parent":0,"menu_order":0,"comment_status":"closed","ping_status":"closed","template":"","meta":{"footnotes":""},"class_list":["post-8","page","type-page","status-publish","hentry"],"_links":{"self":[{"href":"https:\/\/oye-israel.com\/index.php?rest_route=\/wp\/v2\/pages\/8","targetHints":{"allow":["GET"]}}],"collection":[{"href":"https:\/\/oye-israel.com\/index.php?rest_route=\/wp\/v2\/pages"}],"about":[{"href":"https:\/\/oye-israel.com\/index.php?rest_route=\/wp\/v2\/types\/page"}],"author":[{"embeddable":true,"href":"https:\/\/oye-israel.com\/index.php?rest_route=\/wp\/v2\/users\/1"}],"replies":[{"embeddable":true,"href":"https:\/\/oye-israel.com\/index.php?rest_route=%2Fwp%2Fv2%2Fcomments&post=8"}],"version-history":[{"count":13,"href":"https:\/\/oye-israel.com\/index.php?rest_route=\/wp\/v2\/pages\/8\/revisions"}],"predecessor-version":[{"id":247,"href":"https:\/\/oye-israel.com\/index.php?rest_route=\/wp\/v2\/pages\/8\/revisions\/247"}],"wp:attachment":[{"href":"https:\/\/oye-israel.com\/index.php?rest_route=%2Fwp%2Fv2%2Fmedia&parent=8"}],"curies":[{"name":"wp","href":"https:\/\/api.w.org\/{rel}","templated":true}]}}